igit of 13*(6 - 7)*957/(-3)?
7
Suppose -4*m = -v + 2290, -5886 = -4*v + 4*m + 3298. Suppose 1264 + v = 13*u. What is the tens digit of u?
7
Suppose 5 + 2 = -o - 3*n, 2*o + 3*n = -8. What is the hundreds digit of (o - -2 - 3) + 132?
1
Let k(u) = 6*u**2 - 1 + 0*u + 6*u + u**3 - 2*u**3. What is the units digit of k(4)?
5
Let d = -1531 + 3545. What is the tens digit of d?
1
Let x = 2 - -8. Let v = -73 - -77. Suppose 2*z - v = x. What is the units digit of z?
7
Suppose -2*o + 2*l + 328 = -128, -l + 688 = 3*o. What is the units digit of o?
9
Let n be 7 - (-4 + 6 + -2). Suppose 2*r + n*r = 1953. What is the hundreds digit of r?
2
Let r(u) = u + 2. Let t be r(-4). Let d(m) = 16*m**2 + 6*m - 14. Let k(h) = -3*h**2 - h + 3. Let c(n) = t*d(n) - 11*k(n). What is the units digit of c(6)?
5
Suppose 8*y + 12 = 10*y. Suppose -y*r = 136 - 568. What is the units digit of r?
2
Suppose -2*n + 255 = 5*r + 3*n, 0 = 3*r - 5*n - 121. Let z = -25 + r. What is the units digit of z?
2
Let h(o) = o**3 - 2*o**2 - o + 19. What is the tens digit of h(9)?
7
What is the tens digit of ((-130)/25)/((-7)/665)?
9
Suppose 0 = 3*p + 3*p + 18. What is the units digit of -66*((p - (-21)/6) + -2)?
9
Let a(l) = 36*l**2 - 15*l - 2. What is the tens digit of a(4)?
1
What is the thousands digit of (0 - 1)*(-1586 + 9)?
1
Suppose 9*n = 12*n - 12. Suppose n*k = -0 + 8. Suppose -2*a - 5*y + 32 = 0, k*y - 34 = -5*a + y. What is the units digit of a?
6
Suppose 3*x - 5 = 8*x. Let q be x*(-1 - (37 + 2)). Let d = -22 + q. What is the tens digit of d?
1
Suppose -o - n = 3*n - 2, 2*o + 3*n = -1. Let f(t) = -26*t - 2. What is the units digit of f(o)?
0
Let f = -7 - -15. Suppose -f*o + 5*o + 6 = 0. Suppose -4*m = -o*v + 56, -5*v + 2*m - 3*m = -118. What is the tens digit of v?
2
Let h(u) = -u**2 - 17*u - 12. Let t be h(-16). Let d(p) = 2*p**3 - p**2 + 3*p + 8. What is the units digit of d(t)?
2
Let i(j) = j**3 - 13*j**2 + 3*j + 30. Let m be i(14). Let f = 413 - m. What is the tens digit of f?
4
Suppose 2*j + 13*w = 14*w + 906, -j + 2*w + 456 = 0. What is the units digit of j?
2
Let p(q) = 7*q + 13. Suppose -w - 4 = -6. What is the tens digit of p(w)?
2
Suppose -96*l + 81*l + 10590 = 0. What is the tens digit of l?
0
Let a = 10 - 7. Suppose 2*g - a*v = -g + 537, -907 = -5*g + 2*v. Suppose 4*y - g = -5*r + 27, 5*r = 3*y + 175. What is the units digit of r?
8
Let q(d) = 218*d**2 - 54*d - 194. What is the tens digit of q(-4)?
1
Let f(x) = 4*x**2 + 8*x + 16. Let l be f(-5). Let t = l - 42. What is the units digit of t?
4
Let i be (-1 - 1)*(10 + 0). What is the tens digit of (i/(-25))/((-2)/(-50))?
2
Let s = 144 + -83. Let h = s + 45. What is the units digit of h?
6
Let u(s) = -s**3 + 5*s**2 + 12*s + 8. Let m be u(9). Let x be m/(-4 - 0) + -4. Suppose -x = 4*a - 5*a. What is the tens digit of a?
4
What is the tens digit of 36/(-6) - (-294 - 4)?
9
Let h be 11/3 + 8/(-12). Suppose 2*i = -u + 6, -u + h*u - 2 = i. Suppose 0 = -i*j - 0*j + 20. What is the units digit of j?
0
Let b(a) = -a + 1. Let f be 3 + (2 - 4) + -4. Let z be b(f). Suppose 4*i - 258 = -i + j, -z*j + 8 = 0. What is the units digit of i?
2
Let j = -157 - -323. Let v = j + -41. What is the hundreds digit of v?
1
Suppose -27 = -4*v + 37. Let q = v - 13. Suppose -22 = -q*g + 2*g. What is the units digit of g?
2
Let b(f) be the first derivative of f**2/2 + 11*f - 7. Let c be b(5). What is the units digit of (c/(-6))/(3/(-18))?
6
Let n(u) be the second derivative of -u**3/3 + 9*u**2/2 + 6*u. Let b be n(4). What is the units digit of (-24)/(-6) - (b + -1)?
4
Let c(o) = -37*o + 34. Let d(k) = -18*k + 17. Let h(q) = -3*c(q) + 7*d(q). Let i be h(5). Let n = -4 - i. What is the units digit of n?
4
What is the tens digit of 1227 + (2 - (-6 + 0))?
3
Let k = 73 - 52. Let z = 60 + k. What is the tens digit of z?
8
Let i be (-5)/((-9)/2 + 4). Let q be i - (-4 - (-7 - -4)). Suppose -q = 5*b + 14, -2*y - 5*b + 45 = 0. What is the units digit of y?
5
Let k be (4 - -1) + (2 + -1)*-3. Suppose g = a + k*g - 77, 0 = -3*g. What is the tens digit of a?
7
Suppose 391 = -a + 3*x - 0*x, -1955 = 5*a + 2*x. What is the units digit of a/(-51) - 2/3?
7
What is the hundreds digit of 28/16 - (-1659)/12?
1
Let p = 12 + -23. Let o be 17/((3/(-6))/(-1)). Let g = p + o. What is the tens digit of g?
2
Suppose 0 = -x + 4*j - 15 - 5, 0 = 5*j - 25. Suppose -3*l + 12 = x, 0 = 2*u - l - 28 - 18. What is the tens digit of u?
2
Let t = -999 + 2634. What is the tens digit of t?
3
Let x(m) = 9*m - 4. Let h be x(4). Let d be (-3)/2*h/(-12). What is the tens digit of (-2)/(-4) + 94/d?
2
Let v be (-7)/2*((-915)/21 - -3). Let m = v + 26. What is the units digit of m?
8
Let q(c) be the first derivative of -17*c**2 + 20*c + 30. What is the hundreds digit of q(-4)?
1
Let h = 7 - 3. Suppose 0 = h*z - 16, 0 = 5*n - z + 58 - 279. What is the tens digit of n?
4
Let g(b) = -7*b**2 + 21*b + 13. Let q(m) = 3*m**2 - 10*m - 6. Let w = 3 - 9. Let p(f) = w*g(f) - 13*q(f). What is the tens digit of p(-4)?
3
Let b(m) = -7*m + 6*m + 9 + 2*m. Let a be b(-15). What is the tens digit of a/(-24) - (-147)/4?
3
Let y be (-1 - -2)*21/21. What is the units digit of (11 - 12)*(y - 2)?
1
Let u = 90 + -85. Let n(p) = 105*p**3 + p**2 - 2*p + 1. Let q be n(1). Suppose 2*f + q = u*f. What is the units digit of f?
5
Let r be -2 + (-216)/(-52) + (-2)/13. Suppose 4*g + 488 = 4*o - 144, -r*o = 4*g - 298. What is the tens digit of o?
5
Let a = 15045 + -10672. What is the hundreds digit of a?
3
Suppose 0 = -198*k + 184*k + 24178. What is the tens digit of k?
2
Suppose -5*i + 2*t + 2307 = 0, -7*i = -9*i - 5*t + 917. What is the tens digit of i?
6
Let v = -2 - -6. Suppose -56 = -v*s + 24. Suppose 2*p = 2*n - s, -5*n + 3*p = -n - 37. What is the units digit of n?
7
Suppose -j = 4*n - 440, 4*j - 411 = -4*n + 29. What is the tens digit of n/2 + -2 - (-12)/(-6)?
5
Suppose -271 - 26 = -3*l. Suppose -6*q - l + 255 = 0. What is the tens digit of q?
2
Let j = -18 + 48. Suppose -15 = 5*h + 10, -5*s - h + j = 0. Suppose o - s*f + 4*f = 64, -4*f = 5*o - 263. What is the tens digit of o?
5
Let a = -7 - -13. Suppose q = a - 5. What is the units digit of -8 + 23 + (0 - q)?
4
Suppose 5*h - p = -30, h + 5*p = -0*p + 20. What is the units digit of (-25)/(-2)*(-9 + 6 - h)?
5
Let h(r) = 8*r**2 - 124*r - 25. What is the tens digit of h(17)?
7
Let c(h) = -2*h + 254. Let p be c(0). Let i = p + -157. What is the tens digit of i?
9
Let b(r) = -31*r**2 + 10*r + 4*r**2 + 14*r**2 + 10 + 12*r**2. Suppose -m = -4*m + z + 19, -18 = -m - 2*z. What is the units digit of b(m)?
6
Suppose -54 = -4*k + 5*g, 8*k - 5*k - 44 = 2*g. Let o = k + 129. What is the hundreds digit of o?
1
Let f(t) = t**3 + 5*t**2 + t - 4. Let p be f(-4). Suppose 0 = -5*i + 28 - p. Suppose 4*m + 5*s - 53 = 0, i*s + 0*s = -3*m + 39. What is the units digit of m?
7
Let f(u) = u**3 - 17*u**2 - 18*u + 3. Let q be f(18). Suppose -29 = q*i + d - 656, -3*d = 2*i - 418. What is the hundreds digit of i?
2
Let b(m) = -m**3 - 27*m**2 + 134*m + 11. What is the units digit of b(-32)?
3
Let v(f) = 94*f + 79. What is the thousands digit of v(16)?
1
Suppose 7*i - 11472 = -1770. What is the thousands digit of i?
1
Suppose -3*o = 9*o - 24. What is the units digit of (-55)/((6 + -1 - o) + -4)?
5
Let n be (3 - (-1 - -3))/((-24)/1272). Let q = n + 56. What is the units digit of q?
3
Suppose -j + 5*z = -39, 5*z + 41 = -3*j + 178. Let l = 111 - j. What is the tens digit of l?
6
Let b(q) = -40*q**2 + 2*q + 1. Let p be b(-1). Let i = p + 67. What is the tens digit of i?
2
What is the tens digit of (-4 + 2)*-5*(-104)/(-20)?
5
What is the hundreds digit of 26230/244*(36/(-5))/(-3)?
2
Let h(o) be the third derivative of -79*o**6/120 + o**5/30 + o**4/24 - 9*o**2. What is the units digit of h(-1)?
0
Suppose 215*p = 212*p + 4962. What is the tens digit of p?
5
Suppose -6*g = -8*g + 230. Suppose a + f - g = -3*f, 0 = a + f - 109. What is the tens digit of a?
0
Suppose -2*n + 8 + 112 = 0. Suppose -5*y + 0*h + 20 = -h, -4*h + 20 = 0. Suppose 68 = w + w + y*r, r - n = -2*w. What is the units digit of w?
9
What is the units digit of (-4 + 6)*(-5548)/(-8)?
7
Suppose 5*v - 48 = 9*v. Let o be (-56)/3*v/(-8). What is the tens digit of (-909)/(-21) + 8/o?
4
Let s(t) = -t**3 - 4*t**2 + 3*t + 1. Suppose 0 = 18*l - 23*l - 15. Let z 